= -297 + 325. Suppose n + 5*r + 7 = s, n - m*r = 7. Calculate the greatest common factor of 88 and n.
11
Let o be 44*14/2 - (-27 + 30). What is the greatest common divisor of o and 793?
61
Suppose -449 = -46*w + 42*w + y, 4*w - 395 = -5*y. What is the highest common divisor of 390 and w?
10
Let d(q) be the first derivative of -21*q**2/2 - 26*q - 13. Let f be d(-10). What is the highest common factor of f and 46?
46
Let a(u) be the third derivative of -u**4/3 - 5*u**3/3 + u**2. Let p = -3744 + 3742. Let z be a(p). Calculate the highest common divisor of 30 and z.
6
Let v(o) = 12*o + 7. Let z be v(2). Suppose -41 = -32*n + z*n. What is the greatest common divisor of 82 and n?
41
Let n(c) = -c**2 - 16*c - 40. Let k be n(-8). Suppose 2*q = 4*q + 5*s + 46, 4*q + 3*s = -106. Let m = 31 + q. Calculate the highest common divisor of k and m.
3
Let n be (-1)/1 - 140/(-5). Suppose -19*a = 8*a - 972. Calculate the highest common divisor of a and n.
9
Suppose 2*z - 5 = 13. Suppose -4*a + 7*a - z = 0. Suppose 23 = 2*g + 2*w - 39, a*w - 128 = -4*g. Calculate the greatest common divisor of 5 and g.
5
Suppose 11*t + 1286 = 5741. Suppose t*y = 401*y + 56. Calculate the highest common factor of y and 21.
7
Let v(q) = q**3 + 24*q**2 + 24*q - 7. Let k be v(-18). Calculate the highest common factor of k and 70.
35
Suppose -3*f - 2*h = -390, 0 = -f - 6*h + h + 143. Calculate the greatest common factor of 52 and f.
4
Let c(p) = p**3 + 15*p**2 + 11*p + 15. Let k be c(-14). Let z = -32 + 26. Let a be z/8 + 8/((-160)/(-775)). What is the greatest common divisor of k and a?
19
Let o = -220 - -310. Let r be o - (1/6 + (-4)/24). Let b = r - -34. What is the greatest common factor of b and 31?
31
Suppose k - m + 156 = 2*k, 2*m = -3*k + 462. What is the greatest common divisor of 3200 and k?
50
Suppose -2*i - 5*y = 164, 12*y = 5*i + 7*y + 480. Let h be -137*(2 - 0)/(-2). Let n = i + h. What is the highest common divisor of n and 5?
5
Let w be (0 + (-4)/6)*-3. Suppose s + 3*h + 63 - 51 = 0, 0 = -4*h - 20. Suppose 0 = -s*t - w*t + 85. What is the highest common factor of 119 and t?
17
Suppose 3*y + 79 - 172 = 0. Suppose -y*b = -26*b - 3120. Calculate the highest common divisor of b and 39.
39
Let f(a) = -2*a + 123. Let d be f(31). Let x = d + 44. Calculate the highest common factor of x and 63.
21
Suppose 4*g = 5*y + 4869, 19*g + 2*y + 4866 = 23*g. Suppose -24*d + 296 + g = 0. Let s = 17 + -8. Calculate the highest common divisor of d and s.
9
Let r be -7*(-4240)/448*(19 - -5). What is the highest common factor of 150 and r?
30
Let b be (-32)/(-10) - (-3)/(-15). Suppose -84 - 30 = b*r. Let v = -24 - r. Calculate the highest common divisor of v and 154.
14
Let a = -2179 + 2193. What is the highest common factor of 1253 and a?
7
Suppose -l = 5*s - 61, 2*l = -32 + 24. Calculate the greatest common divisor of s and 8125.
13
Let c be (-17)/((-136)/32) + 376. Calculate the highest common divisor of c and 24.
4
Let z be (-105 - -247)*((-2)/5 + 149/10). Calculate the highest common factor of z and 29.
29
Let i(n) = -n**3 + 4*n**2 + 64*n + 156. Let f be i(-11). What is the highest common divisor of 21 and f?
7
Let i(l) = -3084*l - 30040. Let z be i(-10). Let q be 1 - (2 - 1)*-31. Calculate the greatest common divisor of z and q.
32
Suppose 0 = 4*y + 4*j + 852, -2*j - 422 = 2*y - j. Let s = -191 - y. What is the highest common divisor of 468 and s?
18
Let i = -33 - -50. Let w(k) = k**2 - 11*k - 13. Let o be w(i). Let n = o - 79. Calculate the highest common divisor of 5 and n.
5
Let p = -808 + 829. Calculate the greatest common factor of p and 2541.
21
Let b(r) = -r**3 + 69*r**2 + 119*r - 314. Let q be b(70). What is the greatest common factor of 152 and q?
76
Suppose 3*r - 7*r + 132 = 0. Let j = r - 22. Suppose -50*s = -52*s + 2. What is the greatest common factor of j and s?
1
Suppose 821 - 6262 = -3*a + 5*h, -h = 2*a - 3636. Suppose a = 19*j + 88. Calculate the greatest common divisor of j and 35.
7
Let v be 2/4*8/(-20)*-145. Let k be -8 - -5 - (-2 - (0 - v)). Let g = 74 + k. Calculate the highest common factor of 110 and g.
22
Let f = -122 + 130. Let q be ((-30)/f)/(99/(-264)). What is the highest common factor of 55 and q?
5
Suppose -15*l = -20*l + 115. Suppose 51*d - 12*d + 4616 = 22556. Calculate the highest common divisor of l and d.
23
Let p = 948 - 619. Let n = 574 - p. Calculate the greatest common factor of n and 105.
35
Let a be 3*(8/(-36) + 7405/45 + 0). Let y = -9 - -38. Calculate the greatest common factor of a and y.
29
Let s(f) = 25*f**3 + 5*f**2 - 26*f + 24. Let t be s(3). Calculate the greatest common divisor of 126 and t.
18
Let h = -32 + 11. Let l be 556/28 - 3/h. Suppose -19*o = -14*o - l. What is the greatest common divisor of o and 4?
4
Suppose 126200 = 18*r - 48220. Calculate the highest common factor of r and 34.
34
Let s(z) = 2*z + 8 - 4*z + 0*z + 4*z. Let k be s(-6). Let a be (-64)/(-48)*(-90)/k. Calculate the highest common factor of a and 20.
10
Suppose u = 3*d + 2499, -2*d = -u + 605 + 1060. Let z = d - -853. Let w be 1 + -1 - (-171)/1. What is the greatest common divisor of w and z?
19
Let o be (59/(3186/(-1800)))/(2/(-3)). Calculate the greatest common divisor of o and 95.
5
Let h be (2 + 2 - (-1876)/(-21))*-87. What is the highest common divisor of 58 and h?
58
Suppose -10*y + 96 = -2*y. Let h(k) = -90*k - 5 - 14 - y + 72*k. Let p be h(-7). Calculate the greatest common divisor of 38 and p.
19
Suppose -13*y + 990 = -10*y. Suppose -2*p = -5*l - 215, -3 = -3*p - 3*l + y. What is the highest common factor of p and 20?
10
Let t = 667 + -628. Suppose 0 = -54*l + t*l + 390. What is the highest common divisor of 10 and l?
2
Let s = 206 + -206. Suppose s = -3*u - 2*v + 289, -3*v = 2*u - 6 - 190. Calculate the highest common factor of 10 and u.
5
Let y(j) be the first derivative of j**4/4 + 13*j**3/3 + 9*j**2/2 + 2*j + 240. Let f be y(-12). Calculate the greatest common divisor of f and 10.
2
Suppose -7*r - 9*r + 192 = 0. Let y = 2795 - 1559. What is the greatest common divisor of y and r?
12
Suppose -22 - 6 = -c - 2*u, 2*c + 3*u = 53. Let l = 705 + -1515. Let p = l - -909. Calculate the highest common factor of p and c.
11
Let o = 637 + 1743. Calculate the highest common divisor of 34 and o.
34
Let s(m) = 16*m - 80. Let j be s(7). What is the greatest common factor of j and 7648?
32
Let j = 102 - 102. Suppose -3*k + j + 9 = 0. What is the greatest common factor of 48 and k?
3
Let m be (15/(-6) - -3)*(-1)/(2/(-2948)). What is the greatest common factor of 22 and m?
11
Let x(h) = 15*h + 644. Let a be x(-36). What is the greatest common factor of a and 1768?
104
Let w(a) = 90*a**2 - 67*a - 189. Let g be w(-3). What is the highest common divisor of g and 18?
6
Suppose -8595 = -12*d + 4164 - 915. What is the highest common divisor of d and 56?
7
Suppose 34*r - 4384 = 1328. Calculate the greatest common factor of r and 2436.
84
Let i(f) = f**2 - 84*f + 3363. Let k be i(45). What is the highest common factor of 3 and k?
3
Suppose -5*v = 3*y - 0*v - 430, -v = -5*y + 698. Suppose -y = -11*f + 4*f. What is the highest common factor of f and 130?
10
Let r(d) = -1162*d**3 + 2*d + 1. Let n be r(-1). Suppose -51 = -2*l + 4*p + 35, 3*l - 4*p = 113. Calculate the greatest common factor of l and n.
27
Suppose -3*y + 14656 = -5*u - 2098, 4*u = y - 5580. Calculate the greatest common divisor of y and 381.
127
Let g be (-5)/((-1)/(-2859)*-15). Let r = g - 933. Calculate the highest common divisor of 540 and r.
20
Suppose 0 = -66*c - 32*c + 224401 + 1477957. Calculate the greatest common factor of c and 29.
29
Let d(m) be the second derivative of 11*m**3/6 + 3*m**2 - 32*m. Let h be d(-12). Let s = h - -133. Calculate the greatest common divisor of s and 63.
7
Suppose -36*y - 499405 = -499441. Let h(a) = a - 1. Suppose 0*d = 5*d - 20. Let t be h(d). What is the highest common divisor of y and t?
1
Let r = 52 + -49. Suppose -5*c = -r*d - 2*c - 12, 0 = -3*d - 2*c + 13. Let h = 8 + d. What is the greatest common divisor of h and 36?
9
Let q = -29593 + 29622. Calculate the greatest common factor of 5249 and q.
29
Let j(h) = h**2 + 3*h + 3. Let t be j(-4). Suppose 3*z - k - t = 2*z, 6 = z - 2*k. Suppose -16 = -4*n + z. Calculate the greatest common divisor of 30 and n.
6
Suppose 3*